(-8). What is the greatest common divisor of n and 8?
8
Let r be 15/(-12)*600/(-5). Calculate the greatest common divisor of r and 15.
15
Suppose 0 = -u + h - 4 + 7, -5*h - 10 = -4*u. Let j(g) = g**2 - 21*g + 10. Let z be j(21). Calculate the highest common factor of u and z.
5
Suppose 0 = -5*p + 2*p + 105. What is the greatest common factor of 5 and p?
5
Let r be (3/6)/(1/242). Let z(h) = -h**2 - 4*h - 3. Let n be z(-3). Suppose 0 = 2*l + w - 18, -l = 3*w - n + 1. What is the highest common divisor of l and r?
11
Let j = -9 - -10. Let w be -4 + j + 70 + -1. What is the highest common factor of w and 6?
6
Let i = 219 + -134. Calculate the highest common divisor of 51 and i.
17
Suppose 2*g - 108 = -2*g + 4*z, 0 = -2*g - 5*z + 75. Suppose -5*o - 10 = -g. Calculate the greatest common divisor of o and 4.
4
Let s(v) = -v - 17. Let t be s(-9). Let w be t/(-1) + 4/(-2). Suppose 2*z - 30 = 78. Calculate the highest common divisor of w and z.
6
Let z = 64 - 22. Suppose s + 2*h + 30 = 0, -5*h - 4 - 1 = 0. Let a = -7 - s. Calculate the highest common divisor of a and z.
21
Suppose -6*u + 917 + 313 = 0. What is the highest common factor of u and 41?
41
Suppose g + 40 = 6*g. Let c be 4/(-8) + (-41)/(-2). Calculate the greatest common factor of g and c.
4
Suppose 0*m + 2*m - 34 = 0. Let y = m - 12. Let h = -41 - -66. Calculate the highest common divisor of y and h.
5
Let y(r) be the second derivative of -8*r**3/3 - 4*r**2 + 7*r. Let q be y(-7). Calculate the highest common divisor of q and 26.
26
Suppose -4*j - 4 = 4. Let p be ((-3 - j) + 1)/(-1). Let m be (-1 - p)*108/(-3). What is the highest common divisor of 12 and m?
12
Let r(q) = 3*q. Let h be 10/(-45) + 2/9. Suppose -3*v + 0*v + 3 = h. Let n be r(v). Calculate the greatest common factor of n and 3.
3
Suppose 4*h = 2*q - 2, 3*q = h - 4*h + 30. What is the highest common divisor of q and 7?
7
Let a be (3 + -2)*80/(4/4). What is the highest common divisor of 10 and a?
10
Let q be 1/8 + 15/8. Let t be 0 + (2 - q) + 3. Calculate the highest common factor of t and 24.
3
Let s(u) = 3*u + 6. Let l be s(5). Let t be 36/l + 2/7. What is the greatest common divisor of t and 4?
2
Let a(j) = 3*j**2. Let t be (1 - -1)*(-3)/(-2). Suppose t = -o - 5*s - 6, o + 2*s = -3. Let x be a(o). Calculate the highest common divisor of x and 24.
3
Let u(m) = -2*m + 1. Let a be u(1). Let i be 65/5 + (a - -3). Suppose r = 4*z + 93, -4*r + 2*z = -3*z - 405. What is the greatest common divisor of i and r?
15
Let x(g) = 24*g**2 + 12*g**2 + 19*g**2 + 32*g**2 + g. Let r be x(1). Calculate the greatest common divisor of r and 22.
22
Let z(i) = i + 1. Let a be z(3). Suppose 0 = -5*f + d + 165, 4*f + 2*d = -2*d + 108. Suppose 2*o - 32 = f. What is the greatest common factor of a and o?
4
Let n(a) = 57*a**2 - 2*a + 1. Suppose -4 + 0 = -h. Let z = -3 + h. Let d be n(z). Calculate the highest common divisor of 7 and d.
7
Let i(q) = -q + 13. Let w = 3 + 5. Let b be i(w). Calculate the greatest common divisor of 2 and b.
1
Let k(r) = r**3 - 7*r**2 - 4*r - 8. Let o be k(11). Suppose -o + 2672 = 4*h. Suppose 0 = 2*a + 3*a - h. What is the highest common divisor of a and 16?
16
Suppose -4*f + 7*f = 2*d - 114, 0 = -4*d + 2*f + 244. Calculate the highest common divisor of d and 147.
21
Suppose d = 2*d - 15. Suppose -i + 6 = 3*k - 6, -5*k + 9 = -2*i. What is the highest common divisor of d and k?
3
Suppose 0 = -f, v - 3*f = -2*v + 15. Suppose -v*r + 0*r = -350. What is the highest common factor of r and 10?
10
Let r(l) = 2*l + 7. Let w be r(7). Let g = 8 - 1. What is the highest common divisor of w and g?
7
Suppose -2*o + 73 = -27. Let j(z) = z**3 - 12*z**2 - 12*z + 7. Let a be j(13). What is the highest common divisor of a and o?
10
Let a(r) = r**2 - r - 5. Let o be a(5). Let x be 9/(-15) + 33/5. Calculate the greatest common divisor of x and o.
3
Suppose -3*s - 60 = s. Let l = s + 61. Calculate the greatest common divisor of 69 and l.
23
Let p = -43 - -23. Let c = -8 - p. What is the greatest common factor of 12 and c?
12
Let a(c) = c**3 - 8*c**2 - 2*c + 3. Let r be a(8). Let z = r - -21. What is the greatest common factor of z and 80?
8
Suppose -5*r + 10 = -55. Suppose 9 - r = -j. Calculate the greatest common divisor of 36 and j.
4
Let n be 141/21 + (-2)/(-7). Suppose -z + 11 + n = 0. Let f = -9 + z. Calculate the highest common factor of f and 72.
9
Let c(v) = 8*v - 1. Let t be c(1). Let k = -1 + t. Suppose -4*r = -2*g + 18, 0 = 2*r + 2*r. What is the highest common factor of k and g?
3
Suppose 6*t - 3 = 3*t. Let a be t/(-4) - (-9)/4. Suppose 13 = -b + a*b. Calculate the greatest common divisor of 39 and b.
13
Let y(w) = w**3 + 2*w**2 + w + 15. Let r be y(0). Let k = 3 - -7. What is the highest common divisor of k and r?
5
Suppose -2 - 3 = -i. Suppose 3 = i*g - 2. Let f be -3*g/(-1) - -3. What is the greatest common divisor of f and 18?
6
Let l be 4/(-10) + 527/5. Let q be -9*(38/(-3) - -1). Suppose 8*n = 3*n + q. What is the greatest common factor of l and n?
21
Let o(r) = -13*r + 44. Let y be o(-7). What is the greatest common divisor of 30 and y?
15
Let g = 325 + -143. What is the greatest common divisor of g and 26?
26
Suppose -5*u - n + 223 + 2 = 0, 2*n = 5*u - 225. What is the greatest common factor of 15 and u?
15
Let o be (-3 + (3 - 4))*-15. Let u(b) be the second derivative of 4*b**5/5 - b**3/6 + 3*b. Let d be u(1). What is the greatest common factor of d and o?
15
Let n = 54 - 24. Suppose 0 = -4*z - 20, 2*z - 9 = 2*v + 5*z. Suppose -w = v*w - 20. Calculate the greatest common divisor of n and w.
5
Suppose 0 = -8*h + 167 - 23. Calculate the greatest common divisor of 6 and h.
6
Suppose -k + 48 = -4*b, 0 = -k - 5*b + 8*b + 48. What is the highest common divisor of k and 72?
24
Suppose 0*t - 4*t + 20 = 0. What is the greatest common factor of t and 20?
5
Let y(g) = g**3 - 15*g**2 + 4*g - 15. Let w be y(15). What is the greatest common factor of w and 30?
15
Suppose 5*s - 135 = 2*s. Calculate the greatest common factor of 15 and s.
15
Let i be -49*(0 + (-4)/4). Calculate the highest common divisor of 7 and i.
7
Suppose -8*o + 23 = d - 3*o, -6 = 2*o. Calculate the highest common divisor of d and 57.
19
Let o = 334 - 229. What is the greatest common factor of 35 and o?
35
Suppose -12 = -t - 3*y, -2*t - 2*y + 20 = -12. Suppose 2*d = 4*d - 4*w - 154, -374 = -5*d - w. Let m = -3 + d. Calculate the greatest common divisor of m and t.
18
Let d = -10 - -19. Let y = -37 + 73. What is the greatest common divisor of d and y?
9
Suppose 2*l + 3*o - 4*o + 3 = 0, -5*l - 3*o = 13. Let w be (l - -5)/((-6)/(-38)). Let d = w + -4. Calculate the greatest common divisor of d and 120.
15
Let p be 13/3 - 1/6*-4. Let x(d) = d**3 + d**2 - d + 10. Let t be x(0). Calculate the highest common divisor of p and t.
5
Let d(j) = 0*j + 16*j**2 - j + 0*j + 1. Let a be d(1). Let q(m) = 4*m**2 + 2*m - 4. Let x be q(-2). What is the highest common divisor of a and x?
8
Let t(a) = -a**2 + 2*a + 2. Let x be t(2). Let s be (56/(-6))/(x/(-36)). Calculate the highest common divisor of 24 and s.
24
Let p(b) = b**3 - 4*b**2 - 6*b + 7. Let t be p(5). Suppose 0 = -t*m - 0 + 12. Calculate the highest common divisor of m and 3.
3
Let a = -10 - -19. Suppose u + 3*v - 1808 = -4*u, u = -2*v + 363. Suppose 3*t - 285 = 3*d, -48 + u = 3*t + 4*d. Calculate the highest common divisor of a and t.
9
Suppose 0 = -2*j + 17 + 11. Let h = 23 + -38. Let l = -8 - h. Calculate the greatest common divisor of j and l.
7
Let t(n) = 24*n**3 - 5*n**2 + 2*n + 3. Let o be t(3). Let l = o + -397. Suppose -z + 109 = -u, l = z + z + u. What is the greatest common divisor of z and 12?
12
Suppose n = 2*n + 1. Let g be (-5)/(10/(-8)) - 2. Let c be 4*7/g + n. What is the highest common divisor of c and 104?
13
Let m = -7 + 12. Suppose m*d - f - 246 = -0*d, -149 = -3*d + 2*f. What is the greatest common factor of 7 and d?
7
Let n(u) = -2*u - 8. Let c be n(-13). What is the greatest common factor of c and 9?
9
Suppose 7*g - 12*g + 70 = 0. Suppose -g = -8*l + 26. Let d(q) = q**3 - 7*q**2 + 10*q - 9. Let i be d(6). What is the highest common divisor of i and l?
5
Suppose -3*g = -47 - 43. Let l = 55 - g. Suppose -5*z - l = -10*z. What is the highest common factor of 25 and z?
5
Let g(l) = 19*l + 7. Let i be g(-6).